 factor of h and x.
3
Suppose -4*t = -0*t - 100. Let z be (t/10)/((-2)/28). Let k = z + 70. What is the highest common factor of 7 and k?
7
Suppose q - 38 - 7 = -5*s, -3*s - 3*q + 39 = 0. Suppose 0 = -3*z - 43*v + 39*v + 328, 4*z - 412 = v. What is the highest common factor of z and s?
8
Let r = 22 + -30. Let p(t) be the first derivative of -3*t**2/2 - 6*t - 3. Let q be p(r). What is the greatest common divisor of 2 and q?
2
Suppose -4*w = 5*i - 342, 3*i - 344 = -2*i - 3*w. Let u = -26 + i. Let s(g) = 2*g - 21. Let m be s(16). Calculate the greatest common factor of m and u.
11
Let i be (-1)/(2/(-8)*2). Let g = -317 - -322. Suppose -5*j + 119 = i*w, 3*w + g*j = 86 + 90. Calculate the greatest common factor of w and 19.
19
Suppose 912 = 4*r - 3*z, 2*z - 321 + 1229 = 4*r. Suppose 2*i + r = b, -3*b + 4*i - 249 + 920 = 0. What is the greatest common factor of 17 and b?
17
Suppose 0 = h - 286 + 244. What is the highest common divisor of 66 and h?
6
Suppose -339*f + 342*f - 351 = 0. What is the greatest common factor of 13 and f?
13
Let o(b) = b**2 + 6*b + 2. Let y be o(-6). Let r be -1 + y - 4/(-4). Let a = 178 - 174. Calculate the greatest common factor of a and r.
2
Let s(z) = -4*z**2 - z + 14. Let g(u) = -13*u**2 - 3*u + 41. Let a(w) = -6*g(w) + 17*s(w). Let c be a(4). What is the greatest common divisor of c and 12?
12
Let x(t) = t**2 - 3*t - 3. Let a be x(4). Let m be a + 26 - (4 - 7)*-1. What is the highest common factor of 8 and m?
8
Suppose 46*a - 20 = 45*a. Calculate the highest common factor of 130 and a.
10
Let x be ((-4)/3)/((-3)/9). Suppose -6 = -x*l + l. Suppose -l*m + 9 = m, -5*m = -5*g + 410. Calculate the highest common divisor of 34 and g.
17
Suppose 2*o + o + f + 21 = 0, 0 = -3*o - 4*f - 12. Let u be ((-4)/o)/((-2)/(-396)). Calculate the greatest common divisor of 11 and u.
11
Let m = 50 + -25. Let t be (m - -2)*(-2 - (-33)/9). Calculate the greatest common divisor of 5 and t.
5
Let o be 1*(-12)/(-4)*(-2)/3. Let l be 2*o + (21 - 7). What is the greatest common factor of 90 and l?
10
Let y be 33*4/1*1/3. Let m be y*(68/16 + -4). Calculate the greatest common divisor of 121 and m.
11
Let a be (-12 + (0 - 0))*(-10)/4. Let u(n) = -3*n. Let l be u(-4). Calculate the greatest common factor of l and a.
6
Let q be 4/5*5/2. Let n be q + -4 + (-6)/(-3). Suppose -3*p = -4*a - 29 - n, 32 = 3*p - a. What is the highest common factor of p and 99?
11
Let z = 2 - -3. Suppose 4*q - 3*q = d - 17, -3*d - z*q = -11. Suppose -5*s - 12 = o, s - 36 = -5*o - 0*s. Calculate the greatest common divisor of d and o.
4
Let s = -7563 - -7599. Suppose 2*r - 16 = 4*t, 4*t = 4*r - 7 - 5. Let g = r + 26. Calculate the highest common divisor of s and g.
12
Let g = -23 + 24. Suppose -4*a = 3*m - 10, 2*m + 5 = g. Calculate the greatest common divisor of a and 20.
4
Suppose 2*v + 2*n + 2 = 0, n - 3 = -6. Suppose 0 = -p + 24 - 24. Suppose p = -c + 72 - v. Calculate the highest common factor of 175 and c.
35
Suppose r + 4*k = 20, -5*r - 3*k = -4*k - 142. Let v = r + 5. Let g = 440 - 407. Calculate the greatest common divisor of v and g.
33
Suppose -430 - 146 = -4*n. Suppose 0 = -11*c + 3*c + n. What is the highest common factor of 144 and c?
18
Suppose -5*v - 2*x = -605, v = -0*x - 2*x + 113. Let k = v + -69. Calculate the greatest common divisor of k and 6.
6
Let t(r) = r**3 + 21*r**2 - 6*r - 71. Let c be t(-21). Calculate the highest common divisor of c and 33.
11
Let m be 198 - 0 - (-27 - (-14 + -13)). Let r = 15 - -3. What is the highest common divisor of r and m?
18
Let y = 125 + -115. What is the highest common divisor of 45 and y?
5
Let m = 54 - 51. Let y be 0*(m - 2) + 6. Suppose 0 = -5*j - 4*v + 30, 0*v + 5*v - 33 = -4*j. What is the highest common factor of y and j?
2
Suppose -62*t = -35*t - 1944. Calculate the greatest common divisor of 28 and t.
4
Suppose 4*a = -5*f - 6 + 122, 5*f + 29 = a. Calculate the highest common factor of a and 1218.
29
Let z(u) = u**3 - 11*u**2 + 15*u - 14. Let p be z(10). Let h(o) = o**2 + 19*o - 132. Let g be h(6). Calculate the greatest common divisor of g and p.
18
Let g(s) = -s**2 - 8*s. Let l be g(-8). Suppose l*z + 2*z - 237 = -5*n, 429 = 4*z - 5*n. What is the highest common factor of 74 and z?
37
Let f = -37 + 46. Suppose -2*a + 9 = -3. What is the greatest common divisor of f and a?
3
Let j be (-1)/(-1*13/637). What is the greatest common divisor of j and 35?
7
Let w = -892 + 1577. What is the greatest common factor of 5 and w?
5
Let z(o) = 8*o**3 + 5*o**2 - 5*o - 3. Let l = 34 - 31. Let i be z(l). What is the highest common divisor of 27 and i?
27
Let t be -1 - (-21)/3*1. Suppose -t*k + k - 25 = 0. Let g = k - -15. What is the greatest common divisor of 25 and g?
5
Let p = 37 + 107. Suppose 9*l + 96 = 15*l. Calculate the highest common divisor of l and p.
16
Suppose -g + 4 = 3*v - 17, 9 = 3*g. What is the greatest common divisor of v and 11?
1
Let g(z) be the first derivative of 9*z**4 + z**3 - z**2 + 12. Let m be g(1). What is the highest common divisor of m and 407?
37
Suppose 0*u = -5*u + 90. Suppose p - 4*i + 2 = 0, -2*i - 4 = 2*p - 0. Let f be 1878/42 + p/(-7). Calculate the greatest common factor of f and u.
9
Let o = -11 + 13. Suppose 3 = -o*z - i, 3*i = 6 + 9. Let a be z/(-16) - 174/(-8). Calculate the greatest common factor of a and 44.
22
Let r = -2 - -2. Suppose 2*c = 0, a + a - 5*c - 12 = r. Let i(n) = -2*n**2 - 32*n - 111. Let j be i(-6). What is the highest common divisor of j and a?
3
Suppose 4*z - 2*r = 26, -2 + 16 = z - 2*r. Let f(m) = 6*m - 2. Let q be f(3). Suppose -q = -o - 0*o. What is the highest common factor of z and o?
4
Suppose -4*q - 6 = -54. Calculate the greatest common factor of 3 and q.
3
Let i be (((-8)/(-12))/(-1))/(3/(-9)). Suppose -k = b - 13 - i, -3*b = -k + 7. Calculate the greatest common divisor of k and 104.
13
Let m be 75/(-50)*8/(-3). Calculate the highest common factor of 64 and m.
4
Let v(q) = -47 + 4*q + 25 + 17. Let b be v(6). Let w(m) = -56*m + 2. Let f be w(-2). Calculate the greatest common divisor of f and b.
19
Suppose -729*s + 39 = -728*s. What is the greatest common factor of s and 9?
3
Let b(d) be the third derivative of d**5/12 - d**4/4 + d**3/6 + 2*d**2. Let g be b(5). Let c = -582 + 646. What is the greatest common divisor of c and g?
32
Let b(h) = -h**3 - h**2 + 4*h - 6. Let l be b(-3). Suppose l = 8*w - 3*w - 800. Calculate the highest common divisor of 32 and w.
32
Let g(a) = -1 - 5 + 0*a**2 + 1 + 8*a + a**3 - 6*a**2. Let f be g(5). Calculate the greatest common divisor of f and 15.
5
Suppose 1625 + 3655 = 11*g. Calculate the highest common divisor of g and 30.
30
Suppose 22*s - 143 = 11*s. Calculate the greatest common divisor of 3 and s.
1
Let u(k) = -2*k**3 - 2*k**2 + 10*k. Let b be u(-5). What is the greatest common factor of 200 and b?
50
Let w(f) = -f**3 + 14*f**2 + 18. Let c be w(14). Let z be 33/6 - 4/(-8). What is the highest common factor of z and c?
6
Let x = 36 + -66. Let z = -11 - x. Calculate the highest common divisor of z and 133.
19
Suppose 0 = 5*x + s - 4, 4*x + 3*s - 12 = -0*x. Suppose 0 = 2*w + f - 125, 2*w - 6*w - 5*f + 247 = x. What is the greatest common factor of 9 and w?
9
Suppose 4*y - y = -b - 96, -5*y = -5*b + 160. Let c = 34 + y. Calculate the greatest common divisor of c and 8.
2
Suppose -103*g = -99*g - 1980. What is the highest common factor of 90 and g?
45
Suppose 2*f - 10 = -f - 5*z, -f - 5*z = 0. Suppose 0 = -a + f*a - 40. Let t(x) = 2*x - 8. Let p be t(a). Calculate the greatest common factor of 6 and p.
6
Suppose -10*i + 276 = -964. What is the highest common divisor of 31 and i?
31
Suppose 3*y - 2*n = -5*n + 6, -n - 2 = -3*y. Let c be 10 + (-1 - (0 - y)). Let v be 8/1 + (-128)/32. What is the highest common divisor of c and v?
2
Suppose -13*u + 357 = -12*u. Suppose -2*n = 39 - u. Calculate the greatest common divisor of 106 and n.
53
Let x be (-1 + 99)*(-4)/(-4). Suppose 4*v + 12 - 68 = 0. Calculate the highest common divisor of v and x.
14
Suppose 2*f + u - 44 = 0, -2*f + f + 2*u + 12 = 0. Calculate the highest common divisor of f and 35.
5
Suppose 3*q - 119 = -5*c, 5*q - 63 - 40 = -4*c. Let g = 338 - 272. Calculate the highest common divisor of g and c.
22
Suppose 5*u + 7*f - 499 = 3*f, 491 = 5*u - 4*f. Let l = 31 + -2